4?
-4e72849e
In base 12, what is 17 + -83124?
-83109
In base 11, what is 2 - -40a71093?
40a71095
In base 2, what is -110000101110110011101 + -1000001111?
-110000101111110101100
In base 15, what is -180038ed - 1?
-180038ee
In base 3, what is 2101211021120 + -111?
2101211021002
In base 10, what is 18241064 - 32?
18241032
In base 13, what is 9b + b95?
c63
In base 9, what is 47 + -11875?
-11827
In base 3, what is 121202 - 10021210?
-2200001
In base 2, what is -11100110011101001000000111 + 101?
-11100110011101001000000010
In base 6, what is -523 - 121245?
-122212
In base 14, what is -11db09 - -1a1?
-11d948
In base 7, what is 265445455 - 1?
265445454
In base 16, what is 8 + e378e?
e3796
In base 12, what is 8b98 + 152?
912a
In base 7, what is 32 + -155236421?
-155236356
In base 13, what is b6 - 4349?
-4263
In base 6, what is 3342 - 205334?
-201552
In base 14, what is -6 + 10cd5b2?
10cd5aa
In base 11, what is 190a6a - a1?
190979
In base 8, what is 37524304 + 3?
37524307
In base 16, what is 4 - a9e21e4?
-a9e21e0
In base 10, what is 526 - 726897?
-726371
In base 15, what is 4780d8 + 5?
4780dd
In base 7, what is -4 + 40560211?
40560204
In base 16, what is fba73f + 18?
fba757
In base 16, what is -4b - -5ff1?
5fa6
In base 14, what is -d62ca - -3?
-d62c7
In base 8, what is -1411670 + 6034?
-1403634
In base 3, what is 10200011122121 - -211?
10200011200102
In base 3, what is 10000 + -1112011011?
-1112001011
In base 12, what is -17 - -6161?
6146
In base 11, what is -3757 + 66267?
62610
In base 6, what is -25111 + -231350?
-300501
In base 5, what is 2413322131 + 3?
2413322134
In base 15, what is d981b + c4?
d98e0
In base 8, what is -1141735 + -24?
-1141761
In base 5, what is -11 - -13230003142?
13230003131
In base 7, what is 6242542 - -5?
6242550
In base 5, what is 1423 + -2433201?
-2431223
In base 8, what is -742 + 1117364?
1116422
In base 2, what is 1101110 + 101001100111011?
101001110101001
In base 6, what is 103 + -14340121?
-14340014
In base 3, what is 11200 - -1020022201?
1020111101
In base 13, what is -6c + 1a785?
1a716
In base 5, what is 40241103 + 130?
40241233
In base 8, what is 1374451 - -426?
1375077
In base 13, what is -31a4 - 133?
-3307
In base 2, what is 1000000101100101000001101 - 101?
1000000101100101000001000
In base 7, what is 33324236 - -226?
33324465
In base 5, what is -33021044 - -10433?
-33010111
In base 7, what is 1 + -13100244?
-13100243
In base 5, what is 4340 - 3134010?
-3124120
In base 11, what is 8aa1 + -9548?
-557
In base 3, what is 1110210 + 222100212?
1000211122
In base 9, what is -1 - -1268136?
1268135
In base 9, what is 331468146 + -2?
331468144
In base 4, what is 1223222 - -120200?
2010022
In base 6, what is -2 - 21302042?
-21302044
In base 9, what is -257 + -3474540?
-3474807
In base 5, what is -1202 - 2131040201?
-2131041403
In base 5, what is -413200223323 - 2?
-413200223330
In base 9, what is 43 + 35432207?
35432251
In base 6, what is -24 - -5115410?
5115342
In base 6, what is -5 + -4452152150?
-4452152155
In base 4, what is -100103101130120 - -2?
-100103101130112
In base 4, what is 2300 + 120201033?
120203333
In base 7, what is 2 - -133222044?
133222046
In base 14, what is -319b - a?
-31a7
In base 14, what is -2 + 8897c4?
8897c2
In base 5, what is 444024 - -44?
444123
In base 14, what is -9a930 + 16?
-9a918
In base 15, what is 4b370 - -27?
4b397
In base 13, what is -327 - -5c38?
5911
In base 13, what is 71315798 + 0?
71315798
In base 15, what is -2 - 3c243?
-3c245
In base 12, what is -4bb61 - -a71?
-4b0b0
In base 9, what is -3 + 10465434?
10465431
In base 3, what is -1210222121220 + 1002012?
-1210221112201
In base 10, what is -961 - 150516?
-151477
In base 2, what is -1011 - -11101100100010011101?
11101100100010010010
In base 9, what is 28547 - -720?
30367
In base 11, what is 90 + 20a0a12?
20a0aa2
In base 5, what is -21213 - 2233011?
-2304224
In base 10, what is -290 + -4957?
-5247
In base 9, what is 58431317 + 1?
58431318
In base 16, what is 34 + 8e5b?
8e8f
In base 2, what is 1101100110011000111001 - 10011?
1101100110011000100110
In base 11, what is -1518 - 12a1?
-2809
In base 6, what is -1245 + 5124435?
5123150
In base 3, what is 122001111012012120 - 10?
122001111012012110
In base 14, what is 447a + 1d7d?
6419
In base 15, what is 1 - -84cbe3?
84cbe4
In base 9, what is -3 - -374144?
374141
In base 11, what is 102a - -1161?
2190
In base 10, what is -36 + 743?
707
In base 6, what is 15 + 3351304?
3351323
In base 8, what is 456566 - -635?
457423
In base 6, what is -2223012224 + -5?
-2223012233
In base 16, what is -4e006 + -22?
-4e028
In base 5, what is 40012111 + 413?
40013024
In base 8, what is 120575303 + -2?
120575301
In base 11, what is -25a845a4 + 2?
-25a845a2
In base 12, what is -1010354 - -1?
-1010353
In base 14, what is -1 + 1a99d0d9?
1a99d0d8
In base 9, what is 304 - -30007?
30312
In base 11, what is -282 - -3aa01?
3a72a
In base 4, what is 2 + -103120020202?
-103120020200
In base 15, what is 105e09 + -115?
105ce4
In base 10, what is -2 - 3183740?
-3183742
In base 3, what is -212100001001 - 10211120?
-212110212121
In base 5, what is 2422433301 - 21?
2422433230
In base 7, what is 20404116 + 5?
20404124
In base 11, what is -1351 - -1472?
121
In base 10, what is -20885037 - 19?
-20885056
In base 14, what is 3 + 5b37409?
5b3740c
In base 2, what is -101110010110011000 + -1011?
-101110010110100011
In base 12, what is -1 - -74144983?
74144982
In base 5, what is 4 + 422201420242?
422201420301
In base 10, what is 382 - -8287?
8669
In base 5, what is -244 - 12140243?
-12141042
In base 15, what is 67489 + -b?
6747d
In base 16, what is -4 - -83905a?
839056
In base 3, what is -102020110211001102 - 11?
-102020110211001120
In base 13, what is -c7 + -4a6800?
-4a68c7
In base 8, what is 5231 + 11442?
16673
In base 12, what is -102 - -a781?
a67b
In base 10, what is 3 + 2108539?
2108542
In base 8, what is -656041 - -146?
-655673
In base 4, what is -103221010232 + -13?
-103221010311
In base 12, what is a03742a + 3?
a037431
In base 5, what is 2403432222 - -212?
2403432434
In base 7, what is -103 - -106663056?
106662653
In base 15, what is -c87d211 + -3?
-c87d214
In base 9, what is 5354 + 62655?
68120
In base 14, what is 2a29a2 - a?
2a2996
In base 4, what is -211111023 + 13120?
-211031303
In base 8, what is -267645 - 11?
-267656
In base 2, what is -1 - 1010110011010110011001?
-1010110011010110011010
In base 6, what is -133025 - -251020?
113551
In base 9, what is 8134 + -5624?
2410
In base 11, what is -14144329 + 0?
-14144329
In base 7, what is 103 + 13265?
13401
In base 6, what is 12340201 - 300?
12335501
In base 14, what is -2856 - -cd9?
-195b
In base 15, what is -175aabb - -9?
-175aab2
In base 6, what is -2002 - 11034110?
-11040112
In base 5, what is -402003 - 21224?
-423232
In base 12, what is -2965 + ab33?
818a
In base 14, what is -4127 + ddb?
-312a
In base 3, what is -12 + -221010211110121212?
-221010211110122001
In base 15, what is -2d73b + 2b?
-2d710
In base 7, what is 106 - 23256551?
-23256442
In base 11, what is -1 + -15549486?
-15549487
In base 2, what is -11 + -1011110010101110101101?
-1011110010101110110000
In base 10, what is 1042 - -9643?
10685
In base 2, what is -101100000101 - 100001011101110?
-100110111110011
In base 16, what is 0 + -6d77a38?
-6d77a38
In base 13, what is 150c87 - -4a?
151004
In base 12, what is 3130318 - -15?
3130331
In base 16, what is -3 + 13da341?
13da33e
In base 15, what is 85ea33 + 2?
85ea35
In base 5, what is 320 + 1110241?
1111111
In base 12, what is -aa2 + a2ab?
9409
In base 16, what is -10532 - -15?
-1051d
In base 16, what is -9 - 8246a7?
-8246b0
In base 3, what is -111121122211 + 10?
-111121122201
In base 6, what is -153350042 + 21?
-153350021
In base 8, what is 17634 - 2005?
15627
In base 8, what is 361145347 + 3?
361145352
In base 11, what is -a - -102517?
102508
In base 6, what is 123 + -14430?
-14303
In base 2, what is -1111000000110101000011 + -11?
-1111000000110101000110
In base 8, what is -70413571 + -75?
-70413666
In base 16, what is 3e - -2369?
23a7
In base 7, what is 3142 - 1406?
1433
In base 10, what is -5 + 205375135?
205375130
In base 15, what is -16d01 - 334?
-17135
In base 13, what is 22 + 158468?
15848a
In base 8, what is 474241 - -316?
474557
In base 13, what is 3530a0a + 0